d by 1254?
39
Calculate the remainder when 170626 is divided by 81466.
7694
Calculate the remainder when 14707043 is divided by 68.
3
What is the remainder when 2004218 is divided by 13542?
2
What is the remainder when 76089492 is divided by 629?
620
What is the remainder when 9329983 is divided by 2332489?
27
What is the remainder when 6818517 is divided by 619864?
13
What is the remainder when 560732 is divided by 50?
32
Calculate the remainder when 701776 is divided by 2.
0
What is the remainder when 47273056 is divided by 7878834?
52
What is the remainder when 2373216 is divided by 27?
24
What is the remainder when 93970 is divided by 170?
130
What is the remainder when 849838 is divided by 265?
248
What is the remainder when 1098852 is divided by 550?
502
What is the remainder when 1212566 is divided by 670?
536
Calculate the remainder when 39016744 is divided by 133.
130
What is the remainder when 844462 is divided by 30?
22
What is the remainder when 3075632 is divided by 50?
32
What is the remainder when 1170993 is divided by 8020?
73
What is the remainder when 12862137 is divided by 101?
90
Calculate the remainder when 341246 is divided by 1707.
1553
What is the remainder when 3246250 is divided by 3246011?
239
What is the remainder when 757790 is divided by 4305?
110
Calculate the remainder when 236258 is divided by 114783.
6692
Calculate the remainder when 2489669 is divided by 131024.
213
What is the remainder when 10876 is divided by 996?
916
Calculate the remainder when 8803080 is divided by 275096.
8
What is the remainder when 10920824 is divided by 2966?
12
Calculate the remainder when 8196 is divided by 7218.
978
What is the remainder when 331588 is divided by 66041?
1383
What is the remainder when 148269 is divided by 74088?
93
Calculate the remainder when 16906 is divided by 512.
10
Calculate the remainder when 1246101 is divided by 4650.
4551
Calculate the remainder when 288015 is divided by 285609.
2406
Calculate the remainder when 8233304 is divided by 1095.
1094
What is the remainder when 57537 is divided by 28747?
43
What is the remainder when 46200 is divided by 20948?
4304
What is the remainder when 12043544 is divided by 8249?
4
What is the remainder when 1155629 is divided by 16?
13
What is the remainder when 2069229 is divided by 81?
3
What is the remainder when 129511341 is divided by 187?
3
What is the remainder when 1494540 is divided by 373596?
156
Calculate the remainder when 1484905 is divided by 42425.
30
What is the remainder when 9402955 is divided by 226?
225
Calculate the remainder when 7410 is divided by 2436.
102
Calculate the remainder when 12014530 is divided by 286055.
220
What is the remainder when 6631175 is divided by 2210391?
2
What is the remainder when 1973705 is divided by 271?
12
What is the remainder when 3692539 is divided by 369226?
279
What is the remainder when 199167 is divided by 48?
15
Calculate the remainder when 21469665 is divided by 31.
26
What is the remainder when 20807768 is divided by 5201938?
16
What is the remainder when 87544749 is divided by 87544733?
16
Calculate the remainder when 2017960 is divided by 672474.
538
Calculate the remainder when 316620 is divided by 363.
84
Calculate the remainder when 142624 is divided by 143.
53
What is the remainder when 2107967 is divided by 1164?
1127
Calculate the remainder when 2028201 is divided by 126750.
201
Calculate the remainder when 43441 is divided by 14284.
589
What is the remainder when 853161 is divided by 25?
11
Calculate the remainder when 5170390 is divided by 102.
10
Calculate the remainder when 6885 is divided by 289.
238
What is the remainder when 9598769 is divided by 6157?
6
Calculate the remainder when 433783 is divided by 200.
183
Calculate the remainder when 14706 is divided by 12791.
1915
Calculate the remainder when 108707429 is divided by 897.
896
Calculate the remainder when 224485 is divided by 1795.
110
What is the remainder when 25149899 is divided by 295881?
14
What is the remainder when 12647 is divided by 3319?
2690
Calculate the remainder when 57624 is divided by 2716.
588
Calculate the remainder when 170007 is divided by 11299.
522
Calculate the remainder when 304867 is divided by 304743.
124
What is the remainder when 69226576 is divided by 106?
96
Calculate the remainder when 9205249 is divided by 85.
4
What is the remainder when 9156756 is divided by 538?
534
What is the remainder when 35971653 is divided by 286?
3
What is the remainder when 1333389 is divided by 18?
3
What is the remainder when 356304932 is divided by 3277?
3276
What is the remainder when 2312674 is divided by 3900?
3874
What is the remainder when 400480 is divided by 972?
16
Calculate the remainder when 2118859 is divided by 23.
7
Calculate the remainder when 979485 is divided by 35.
10
Calculate the remainder when 836783 is divided by 278922.
17
What is the remainder when 56980 is divided by 28464?
52
Calculate the remainder when 1074676 is divided by 27.
22
Calculate the remainder when 8222644 is divided by 111.
97
Calculate the remainder when 182129 is divided by 866.
269
What is the remainder when 163423 is divided by 54194?
841
What is the remainder when 1005621 is divided by 81?
6
Calculate the remainder when 145503 is divided by 2080.
1983
What is the remainder when 24963706 is divided by 5706?
5662
What is the remainder when 10584 is divided by 127?
43
Calculate the remainder when 7154675 is divided by 54.
53
What is the remainder when 81736 is divided by 624?
616
Calculate the remainder when 266596 is divided by 2693.
2682
What is the remainder when 6038842 is divided by 7311?
7267
What is the remainder when 3098990 is divided by 1419?
1313
Calculate the remainder when 12437743 is divided by 2460.
2443
What is the remainder when 9923621 is divided by 3493?
8
Calculate the remainder when 73091 is divided by 441.
326
Calculate the remainder when 1931209 is divided by 220.
49
What is the remainder when 17317 is divided by 460?
297
What is the remainder when 12241 is divided by 3002?
233
What is the remainder when 41992 is divided by 13987?
31
What is the remainder when 1107427 is divided by 2397?
13
What is the remainder when 6051 is divided by 580?
251
Calculate the remainder when 9210 is divided by 3062.
24
Calculate the remainder when 30136 is divided by 29696.
440
What is the remainder when 59922945 is divided by 4560?
4545
What is the remainder when 223414370 is divided by 1631?
1621
What is the remainder when 4668268 is divided by 21?
10
What is the remainder when 6101098 is divided by 6100961?
137
What is the remainder when 2809127 is divided by 175570?
7
What is the remainder when 95934701 is divided by 15?
11
What is the remainder when 3350842 is divided by 34?
6
Calculate the remainder when 6652224 is divided by 255843.
306
Calculate the remainder when 10446374 is divided by 94967.
4
What is the remainder when 46257 is divided by 5736?
369
What is the remainder when 184429 is divided by 42516?
14365
Calculate the remainder when 489407 is divided by 16258.
1667
Calculate the remainder when 29307 is divided by 9225.
1632
Calculate the remainder when 3024506 is divided by 49582.
4
Calculate the remainder when 2172522 is divided by 1434.
12
What is the remainder when 51855 is divided by 8640?
15
What is the remainder when 10825053 is divided by 68?
65
Calculate the remainder when 4156023 is divided by 1039002.
15
Calculate the remainder when 37935 is divided by 636.
411
Calculate the remainder when 6162422 is divided by 18.
14
Calculate the remainder when 13933110 is divided by 2543.
13
Calculate the remainder when 11614106 is divided by 33470.
16
What is the remainder when 108370 is divided by 261?
55
What is the remainder when 63320 is divided by 15549?
1124
Calculate the remainder when 584692 is divided by 584475.
217
What is the remainder when 764098 is divided by 3239?
2933
Calculate the remainder when 67090 is divided by 21956.
1222
Calculate the remainder when 17025097 is divided by 6100.
6097
Calculate the remainder when 320320 is divided by 5716.
224
Calculate the remainder when 3186151 is divided by 176972.
655
What is the remainder when 8741602 is divided by 2070?
2062
What is the remainder when 1698